716*l - 36669. Calculate p(-48).
3
Let s(w) = -7*w - 421. Calculate s(-50).
-71
Let p(b) = 3*b**3 + 53*b**2 + 30*b - 64. Give p(-17).
4
Let w(u) = 2*u**3 - 17*u**2 - 239*u - 20. Determine w(16).
-4
Let m(i) = -438*i - 14. Calculate m(-3).
1300
Let w(o) = 8*o**2 - 164*o - 24. Calculate w(21).
60
Let q(r) = 2*r**3 + 5*r**2 - 23*r - 53. Determine q(-4).
-9
Let g(x) = 3*x**3 - 6*x**2 - x - 18. What is g(3)?
6
Let i(s) = 33629*s - 134511. Calculate i(4).
5
Let x(m) = m**3 - 6*m**2 + 19*m - 181. Calculate x(7).
1
Let r(o) = -o**3 + 37*o**2 - 38*o + 18. Determine r(36).
-54
Let m(q) = -4*q**3 - 9*q**2 - 11*q - 5. Determine m(-2).
13
Let l(r) = -46*r + 138. Determine l(6).
-138
Let y(u) = -5*u**2 - 48*u - 205. What is y(-6)?
-97
Let l(m) = -583*m + 2915. Determine l(5).
0
Let w(r) = 1844*r - 20278. Calculate w(11).
6
Let y(j) = 50*j + 149. Give y(-3).
-1
Let m(y) = 2*y**3 + 27*y**2 - 7*y + 57. Calculate m(-14).
-41
Let g(p) = p**2 - 121*p + 578. Calculate g(5).
-2
Let q(v) = -v**3 - 23*v**2 + 170*v + 30. Calculate q(6).
6
Let f(o) = -o**3 + 23*o**2 + 13*o + 74. Determine f(24).
-190
Let c(t) = -t**3 - 25*t**2 + 57*t + 96. Calculate c(-27).
15
Let t(f) = 2*f**2 + 4*f - 395. Calculate t(-15).
-5
Let n(t) = 19*t**3 - 4*t**2 + 25*t + 26. Calculate n(-1).
-22
Let u(v) = 47*v - 3680. Calculate u(78).
-14
Let y(g) = -4*g**2 + 65*g - 128. Calculate y(14).
-2
Let m(t) = -4*t**2 + 49*t + 59. Give m(12).
71
Let c(z) = -8*z - 126. Calculate c(-21).
42
Let v(m) = 17*m - 238. Calculate v(17).
51
Let r(s) = 63*s**2 + 17*s + 36. Determine r(-2).
254
Let n(q) = -43*q - 101. Give n(-6).
157
Let g(t) = -110*t + 1319. Determine g(12).
-1
Let n(p) = 305*p + 2123. What is n(-7)?
-12
Let o(z) = -z**3 - 164*z**2 + 494*z - 1172. What is o(-167)?
-3
Let q(o) = -110*o + 2640. Determine q(24).
0
Let x(t) = 251*t + 2526. Calculate x(-10).
16
Let m(z) = -5*z + 135. Calculate m(15).
60
Let l(o) = 2*o**3 + 11*o**2 - 31*o - 13. Calculate l(-9).
-301
Let v(w) = 2*w**2 + 127*w + 271. Calculate v(-61).
-34
Let g(i) = -i**3 - 28*i**2 + 289*i + 19. Give g(8).
27
Let x(i) = i**2 - 422*i + 2910. Give x(7).
5
Let z(j) = -13*j**2 + 667*j + 1159. What is z(53)?
-7
Let s(v) = -v**3 - 25*v**2 - 30*v - 144. Calculate s(-24).
0
Let j(u) = 2*u**3 - 35*u**2 - 3*u - 275. Calculate j(18).
-5
Let w(r) = 6*r**2 + 35*r - 14. Calculate w(-7).
35
Let t(z) = 16*z**2 + 39*z - 77. Calculate t(2).
65
Let t(j) = j**3 + 282*j**2 + 2186*j - 22. Determine t(-8).
26
Let g(m) = m**2 - 24*m - 267. Determine g(-10).
73
Let k(m) = -18*m - 25. Determine k(-5).
65
Let n(s) = 3*s**3 - 22*s**2 + 18*s - 38. Give n(6).
-74
Let p(j) = 110*j - 5709. Calculate p(52).
11
Let x(l) = -l**3 - 40*l**2 - 40*l - 132. What is x(-39)?
-93
Let p(f) = 97*f - 1732. What is p(20)?
208
Let g(f) = f**3 - 10*f**2 - 41*f + 6. Calculate g(-4).
-54
Let b(q) = 7*q**3 + q**2 + 11*q + 4. Determine b(-2).
-70
Let d(i) = 34*i - 878. What is d(27)?
40
Let x(z) = -1648*z + 19786. Calculate x(12).
10
Let p(x) = 29*x - 300. Give p(9).
-39
Let a(i) = i**3 - 2*i**2 - 23*i + 6. What is a(-6)?
-144
Let i(z) = -94*z - 3583. Determine i(-39).
83
Let i(f) = -f**3 - 11*f**2 + f - 61. Calculate i(-12).
71
Let t(q) = 8*q**2 - 86*q - 16. Determine t(12).
104
Let s(r) = 199*r + 952. Determine s(-5).
-43
Let z(t) = 18*t + 773. What is z(-43)?
-1
Let h(v) = 28*v - 166. What is h(11)?
142
Let i(d) = -50*d**2 - 36*d + 120. What is i(-2)?
-8
Let v(b) = -b**3 + 25*b**2 - 83*b - 7. What is v(4)?
-3
Let r(z) = -4*z**2 + 53*z - 157. Calculate r(9).
-4
Let d(m) = 3*m**2 - 72*m + 151. Calculate d(3).
-38
Let c(y) = -y**2 - 76*y + 778. Give c(9).
13
Let l(q) = 37*q**3 - 18312*q**2 - 1487*q + 994. What is l(495)?
4
Let k(i) = -99*i - 1282. What is k(-13)?
5
Let d(g) = 71*g**2 + 11*g + 6. Give d(-1).
66
Let v(i) = 149*i + 486. Give v(-4).
-110
Let g(w) = 108*w**3 - w - 2. Calculate g(-1).
-109
Let p(o) = o**2 + 22*o - 1643. Give p(-53).
0
Let m(b) = b**2 - 302*b + 2628. What is m(9)?
-9
Let y(w) = -97*w - 4225. Calculate y(-43).
-54
Let n(w) = 160*w + 2391. What is n(-15)?
-9
Let y(k) = 5*k**3 + 39*k**2 - 14*k - 15. What is y(-8)?
33
Let h(w) = 3*w**3 - 167*w**2 - 60*w + 175. Determine h(56).
-49
Let m(g) = 195*g + 1156. What is m(-6)?
-14
Let b(x) = x**2 + 7*x - 485. Determine b(-26).
9
Let c(q) = 24*q + 284. Calculate c(-7).
116
Let a(d) = -40*d**2 + 77*d - 79. Calculate a(1).
-42
Let n(i) = 26*i + 16. Determine n(1).
42
Let o(w) = -907*w - 899. Calculate o(-1).
8
Let r(p) = p**3 + p**2 + 22*p - 26. Give r(4).
142
Let u(v) = 458*v + 95698. Give u(-209).
-24
Let i(d) = -17*d**2 + 271*d + 4. What is i(16)?
-12
Let w(l) = -l**3 - 20*l**2 + 22*l + 50. Calculate w(-21).
29
Let x(j) = 2*j**2 + 239*j + 2186. Give x(-10).
-4
Let l(i) = -13*i - 156. Give l(-56).
572
Let s(n) = -14272*n - 14264. Calculate s(-1).
8
Let u(o) = -50*o**2 + 12*o - 11. What is u(1)?
-49
Let u(x) = -2*x**3 + 54*x**2 + 88*x - 2386. Determine u(27).
-10
Let q(d) = -d**3 - 42*d**2 + 40*d + 15. What is q(-43)?
144
Let f(y) = 3*y**2 + 265*y + 84. Give f(-88).
-4
Let p(x) = -2*x**3 - 49*x**2 - 25*x - 34. Calculate p(-24).
-10
Let a(u) = u**3 - 15*u**2 + 3*u + 456. Determine a(0).
456
Let z(u) = -34*u + 781. Calculate z(22).
33
Let w(i) = -501*i + 4028. What is w(8)?
20
Let w(u) = 81*u - 4053. Give w(50).
-3
Let x(c) = c**3 - 68*c**2 + 320*c - 313. What is x(63)?
2
Let p(s) = -400*s**2 - 2798*s + 13. Give p(-7).
-1
Let c(q) = 9*q**2 - 8*q + 3. Determine c(-1).
20
Let d(n) = n**3 - 6*n**2 - 7*n + 66. What is d(-3)?
6
Let l(o) = 10*o**3 + 6*o**2 + 26*o + 2. Give l(-3).
-292
Let z(m) = -767*m - 3024. What is z(-4)?
44
Let a(b) = 7*b**3 - 3*b**2 - 117*b + 244. Calculate a(2).
54
Let j(w) = -6*w**2 - 30*w + 139. What is j(3)?
-5
Let r(d) = 335*d - 1274. What is r(4)?
66
Let n(c) = -34*c - 267. What is n(5)?
-437
Let c(l) = l**3 + 36*l**2 + 212*l + 237. Give c(-29).
-24
Let v(x) = 1456*x - 37862. Give v(26).
-6
Let p(r) = 43*r + 2454. Determine p(-57).
3
Let s(f) = -57*f**3 + 70*f**2 + 66*f - 5. Determine s(-1).
56
Let f(y) = -10*y**2 + 4*y + 7. Calculate f(8).
-601
Let g(o) = o**2 - 104*o - 641. Calculate g(-6).
19
Let g(c) = c**3 - 22*c**2 + 40*c + 5. Give g(20).
5
Let g(a) = -6*a + 26. Calculate g(-36).
242
Let d(s) = 27*s - 159. What is d(7)?
30
Let y(b) = 6*b**3 + 84*b**2 - 10*b - 61. What is y(-14)?
79
Let k(j) = -2*j**3 + 136*j**2 - 1794*j - 124. Give k(18).
-16
Let b(d) = -6*d**2 - 45*d + 175. What is b(5)?
-200
Let b(x) = 2504*x + 42566. Determine b(-17).
-2
Let f(x) = x**3 + 15*x**2 + 39*x - 96. Calculate f(-7).
23
Let v(z) = -3*z**2 + 1133*z - 5600. Calculate v(5).
-10
Let v(f) = 16*f**2 - 66*f + 131. Give v(2).
63
Let g(d) = d**2 - 70*d + 55. Determine g(61).
-494
Let y(j) = 27*j**2 - 157*j - 158. What is y(-1)?
26
Let d(t) = -2*t**3 - 41*t**2 + 156*t + 10. What is d(-24)?
298
Let r(f) = 4*f**2 + 74*f - 772. Calculate r(7).
-58
Let z(f) = -f**2 - 61*f + 6927. Calculate z(58).
25
Let f(t) = t**3 + 7*t**2 + 46*t + 133. Determine f(-4).
-3
Let u(p) = -p**3 - 17*p**2 - 72*p + 12. Calculate u(-9).
12
Let w(l) = 3*l**2 + 251*l + 2264. Give w(-10).
54
Let y(b) = -1063*b + 1080. Determine y(1).
17
Let k(m) = -34*m + 577. Calculate k(18).
-35
Let h(i) = i**3 + 31*i**2 + 229*i - 165. Calculate h(-17).
-12
Let h(m) = m**2 + 7*m - 108. What is h(-9)?
-90
Let c(j) = -13*j - 164. Determine c(-12).
-8
Let m(j) = 7371*j + 36861. Give m(-5).
6
Let q(k) = 2*k**3 + 56*k**2 - 5663*k - 347. Determine q(-69).
-2
Let m(k) = -5*k**2 + 20*k + 50. Give m(-5).
-175
Let k(q) = -q**3 - 3*q**2 - 33*q - 305. What is k(-6)?
1
Let r(d) = -d**2 - 137*d + 6615. Calculate r(38).
-35
Let v(j) = -j**2 + 10*j - 5. Give v(6).
19
Let v(z) = -1842*z + 5525. Give v(3).
-1
Let u(x) = -7*x**2 - 186*x - 1049. What is u(-6)?
-185
Let w(q) = 858*q + 12863. Calculate w(-15).
-7
Let x(h) = -58*h + 350. What is x(10)?
-230
Let z(l) = -l**3 - 5*l**2 + 14*l + 82. Give z(-4).
10
Let w(p) = p**2 + 182*p - 737. What is w(4)?
7
Let k(x) = -x**2 - 10565*x - 10564. Calculate k(-1).
0
Let p(g) = -3*g**3 + 95*g**2 + 34*g + 28. Give p(32).
92
Let k(h) = -156*h + 3476. Determine k(22).
44
Let m(b) = b**2 + 50*b - 17609. What is m(110)?
-9
Let s(a) = -8*a**2 + 45*a - 18. What is s(6)?
-36
Let l(m) = -m**3 - 4*m**2 - 1111*m - 2211. Calculate l(-2).
3
Let n(m) = -2*m**3 - 